*5 + 1/3*d**3 + 5/12*d**4 + 0 - 2*d + v*d**2. What is p(-4)?
8
Let y(v) be the second derivative of 16*v + 0*v**2 + 5/6*v**3 + 0. Determine y(2).
10
Suppose -7*o = 52 - 31. Let u(y) = 2*y + 3. What is u(o)?
-3
Let o(m) = -30*m - 78*m**2 - 80*m**2 + 157*m**2 - 35. Give o(-29).
-6
Let v(w) be the first derivative of 1/3*w**3 + 6 - 1/2*w**2 - 4*w. Let u(z) be the first derivative of v(z). Determine u(6).
11
Let k(s) = 0*s - s**3 + 4*s - 13*s - 2*s**2 - 9 - 7*s**2. Suppose q + 23 - 3 = 0. Let p be (24/(-15))/(2*(-2)/q). What is k(p)?
-1
Let l(t) = -t**2 - 4*t + 3. Let d(v) = -2*v**3 + 3*v**2. Let j(f) = -f + 8. Let r(g) = g - 3. Let n be r(9). Let h be j(n). Let b be d(h). Determine l(b).
3
Suppose 4*p - 45 = -3*u, -4*u = p + 172 - 193. Let z(v) be the first derivative of v**3/3 - 9*v**2/2 - 2. What is z(p)?
0
Let i(u) = u**2 + 10*u + 12. Let n(y) = 3*y - 39. Let f be n(10). Give i(f).
3
Let o(c) = -c**3 - c**2. Let p(g) = -6*g**3 - 2*g**2. Suppose 18 - 12 = 2*d. Let v(t) = d*o(t) - p(t). Give v(-1).
-4
Let i(c) = 3*c**2 + 9*c + 3. Let s(f) = 4*f**2 + 11*f + 3. Let v(z) = 3*i(z) - 2*s(z). Determine v(-3).
-3
Let y(r) be the first derivative of -r**3/3 - 3*r**2 + 10*r - 128. Give y(-8).
-6
Let c(f) = -f**2 + 2*f - 1. Let g(k) = 3*k**2 - 17*k + 13. Let u(w) = -2*c(w) - g(w). What is u(12)?
1
Let y(o) = o**3 + 13*o**2 + 2*o + 31. Let l be y(-13). Let u(z) = -2*z**2 + 6*z + 5. What is u(l)?
-15
Let m = 5 + -10. Let i(c) = 3*c. Let z = -15 + 10. Let j(t) = t. Let o(x) = z*j(x) + 2*i(x). Determine o(m).
-5
Let h be (-36)/48 - 6/(-8). Let b(m) = 4*m**3 - 3*m - 7. Let r(a) = 3*a**3 - 2*a - 5. Let d(y) = 5*b(y) - 7*r(y). Calculate d(h).
0
Let y be 16/3 + 16/24. Suppose -6*o = -5*o - y. Suppose -3*v = -6 - o. Let w(h) = 2*h - 2. Give w(v).
6
Let z(i) = 2*i**2 + 2*i + 1. Let w(c) = c**3 + 15*c**2 + 15*c + 17. Let h be w(-14). Let o be (2 - 0/(-4))/(1 - h). Give z(o).
1
Let p(v) = 35*v. Suppose -4*u + 163 = -2*r + 159, 8 = -4*r - 4*u. Give p(r).
-70
Let l(m) = 6 + 1 - m**3 - 4*m**2 - 6*m + 13*m - 3. Suppose 0 = 8*i + 30 + 10. Determine l(i).
-6
Let a be -3 + 1*(-4 - -2). Let g(o) = -o - 8*o**2 + 7*o - 2*o + 9*o**2. What is g(a)?
5
Let j(w) be the third derivative of 1/3*w**3 - 1/6*w**4 + 1/60*w**5 - 12*w**2 + 0*w + 0. Calculate j(3).
-1
Let j = -528 + 531. Let f(y) = -3*y**2 - 4*y + 3. What is f(j)?
-36
Let o(j) = j**2 - 8*j + 3. Suppose 2*z - 7*z = -2*h - 6, 0 = 4*h + 3*z - 14. Suppose 4 = -h*i + 14. Give o(i).
-12
Let t = 14 + -12. Let n be (t - (0 + -1))*1. Let p(j) = 3*j + 3 - n*j + j. Give p(-7).
-4
Let f(a) = -a**3 + 3 - 5 - 27*a**2 + 63*a**2 + 4*a - 32*a**2. Calculate f(3).
19
Suppose 162*m = 156*m + 24. Let u(i) = -11*i - 4. Give u(m).
-48
Let a(c) = -120*c - 497. Let s be a(-4). Let r(p) = -p**3 - 17*p**2 + p + 13. Determine r(s).
-4
Let j = 10 + -6. Let a(d) be the third derivative of -d**5/60 + d**4/24 - 19*d**2 - 2*d. What is a(j)?
-12
Let c(y) = -y**3 - 6*y**2 - 2*y + 8. Let u be 186/(-48) - 2/16. What is c(u)?
-16
Let c(w) be the first derivative of w**7/840 + 7*w**6/360 + w**5/20 + w**4/6 + 4*w**3/3 + 16. Let j(v) be the third derivative of c(v). Give j(-6).
4
Let i(a) = 4*a + 20. Let m = -13 + 18. Let c(z) = 3*z + 19. Let k(g) = m*c(g) - 4*i(g). Let j be k(12). Let h(l) = -3*l. Determine h(j).
-9
Let r(q) = -q**3 + 8*q**2 - 8*q + 10. Let v be r(7). Let x be -7 + -2 + 1 + v. Let i(d) = 9 - 3*d + d**2 - 2*d**2 - 5. Determine i(x).
-6
Let n(h) = -4*h - 16. Let w be 3*(6 - (-184)/(-24)). Give n(w).
4
Let c(j) = -2*j - 18. Let h(w) = -w**3 + 5*w**2 + 39*w - 36. Let s be h(9). Give c(s).
0
Let y(m) = -18*m - 38. Let b(u) = -6*u - 13. Let o(d) = 17*b(d) - 6*y(d). Determine o(-6).
-29
Let t(p) = p**2 + p + 2. Let h(d) = -1. Let s(u) = 4*h(u) + 3*t(u). Let i(q) = q**2 - q - 16. Let z be i(-4). Suppose 19*j + z = -34. Calculate s(j).
8
Let t(j) be the second derivative of -j**4/12 - 5*j**3/3 - 4*j**2 + j + 43. Determine t(-6).
16
Let j(d) = -25*d - 28*d - 6 + 54*d. Let p be 2*(3 + (-4)/8). What is j(p)?
-1
Let g = -16 + 16. Let p(h) = g + h - h - 3 - h. Let n(r) = -3*r**3 + r**2 - r + 1. Let w be n(1). Give p(w).
-1
Let t(w) = -w**2 - 4*w - 4. Let g(i) = i**2 + 5*i + 5. Let p(u) = -6*g(u) - 5*t(u). Let q be (-12 - 12/3)/(-1 + 3). Determine p(q).
6
Let h(l) = -3*l - 11. Let o be h(-7). Let j(k) = k - o*k**2 + 13*k**2 + 3 - 4*k**2. Determine j(3).
-3
Let y(o) = o**3 + 7*o**2 + 8*o + 9. Let v(f) be the first derivative of -f**4/4 + 2*f**3 + 6. Let d be v(6). Let s be (-2 - d)*(4 - 1). Determine y(s).
-3
Let b(r) = 3*r - 10. Let h(f) = f. Let t(w) = -b(w) + 6*h(w). What is t(-9)?
-17
Let b(s) = -3*s + 9. Suppose -52*t + 399 = 5*t. Give b(t).
-12
Suppose 2*t = 4*p - 3 - 9, 2*t + 12 = -2*p. Suppose 5*l - 17 = 13. Let a(n) = 2*n + 8 - l + 6. Determine a(t).
-4
Let m(l) be the third derivative of -7/6*l**3 + 1/6*l**4 - 1/60*l**5 + 0*l + 0 - 15*l**2. What is m(5)?
-12
Let d(r) = -3*r**3 + 6*r**3 + 3*r - 2*r**3 - 6*r**2 + 7. Let t be (2/6)/(3/117). Let o = -8 + t. Give d(o).
-3
Let a(s) = s + 3. Suppose -42 = -64*d + 67*d + 3*c, 3*d + 7 = 4*c. Determine a(d).
-6
Let b = 23 + -23. Suppose 8 = 4*l + 3*h + 1, b = 3*l + 5*h + 3. Let m(s) = -s**3 + 4*s**2 + 2*s - 4. What is m(l)?
4
Let n = 1152 + -1143. Let l(i) = i - 1. Let d(a) = -a - 11. Let y(m) = -d(m) - 2*l(m). Determine y(n).
4
Let g be -9 - -3 - (-7 + 9). Let i(a) = -a**3 - 9*a**2 - 7*a + 15. Calculate i(g).
7
Let i(j) = -2*j - 8 - 14*j**2 + 19*j**2 - j**3 + 1. Let b be i(4). Let t(v) = -18*v**3. Calculate t(b).
-18
Let q(h) = 13*h - 14. Let x be q(1). Let a be x/((-52)/(-16) - 3). Let b(m) = -m**2 - 6*m + 2. Calculate b(a).
10
Let l(g) = -5*g**2 - 13*g + 1. Suppose 0*v = 2*v - 22. Let b = 0 + 4. Let p(a) = 14*a**2 + 38*a - 2. Let k(x) = b*p(x) + v*l(x). Give k(-6).
-15
Let b(n) = 5*n**3 - 6*n**2 - n + 2. Let c(h) = -8*h**3 + 12*h**2 + 2*h - 5. Let t(z) = 5*b(z) + 3*c(z). Determine t(-4).
23
Let j(q) = -3*q - 3. Let o(v) = v**2 + 3*v - 4. Let w = 6 - 10. Let m be o(w). Let h be 4/((-2 + m)*1). Give j(h).
3
Let o(r) = 81 - 156 + 72 + 5*r. What is o(2)?
7
Let x(h) = 56*h + 51*h - 159*h + 51*h + 2. Calculate x(0).
2
Let z(l) = -l**3 - 7*l**2 - 7*l - 3. Let s be 2/(-8) - 230/40. Let c be z(s). Let i(f) = -4*f - 4 + 1 + 8 - c. Determine i(3).
-10
Suppose -18*a + 23*a - 10 = 0. Let s(f) = -f - f**2 - 2*f**a - 4*f + 4 + 4*f**2. Determine s(4).
0
Let s(v) = 3*v**2 + 110*v + 36. Let h(f) = -f**2 - 38*f - 12. Let w(r) = -17*h(r) - 6*s(r). What is w(-13)?
1
Let m(y) = y**2 + 3*y - 5. Let g(a) = a**2 + 6*a - 11. Let h be g(-8). Let u be -3 + h/10*-2. Calculate m(u).
-1
Let v(h) = -h**2 + h - 1. Let f(o) = -3*o**2 + 6*o - 6. Let t(s) = -f(s) + v(s). Let u be t(2). Let k(r) = -r**3 + 3*r**2 - 2*r + 4. What is k(u)?
-2
Let c(v) = 2*v**2 + v + 1. Let q(m) = 17*m**2 + 2*m + 3. Let u(d) = 2*c(d) - q(d). What is u(1)?
-14
Let g(d) = 0*d + 2*d**2 + 0*d + 6 + 7*d. Let x = 65 - 69. Calculate g(x).
10
Suppose 22 - 36 = -7*u. Let f(a) = a**2 + 11 + u + 6*a - 2*a + 6*a. Give f(-9).
4
Let m(a) = 6*a + 110. Let d be m(-18). Let o(c) = -c**3 + c**2 - 3*c + 1. Calculate o(d).
-9
Suppose 2*n + 40 = -2*n. Let j = n - -13. Let d(t) be the second derivative of t**3/6 + 3*t. Calculate d(j).
3
Let g be 18/(-10) + 1344/105. Let m(t) = t**2 - 12*t. Determine m(g).
-11
Let x(w) = w - 8. Let p(j) = -j + 7. Let v(y) = -4*p(y) - 3*x(y). Let f be ((-40)/(-5))/(-2) - (-10 + -1). Determine v(f).
3
Let n(t) = 19*t + 13. Let f(y) = -y - 1. Let k(a) = 4*a + 1. Let g be 12/10 + (-2)/10. Let c(r) = g*k(r) - 5*f(r). Let u(p) = 13*c(p) - 6*n(p). Determine u(-2).
-6
Let r(w) = 11*w - 19. Let x(a) = 5*a - 9. Let b(m) = 3*r(m) - 7*x(m). Let k = -8 + 10. Let z(d) = 2*d**2 - 2. Let t be z(k). Calculate b(t).
-6
Let c(h) = -h**2 - 4*h - 6. Let u = -1 - -9. Let r be (-1)/2*u/1. What is c(r)?
-6
Let h(k) = 7*k**3 - 4*k**2 + k - 4. Let g(d) = -8*d**3 + 5*d**2 - d + 5. Let w(j) = 3*g(j) + 4*h(j). Let u = 44 - 105. Let t = -60 - u. What is w(t)?
3
Let j(i) be the third derivative of -i**5/60 - i**4/8 + 8*i**3 - 279*i**2. Determine j(6).
-6
Let z = 9 + -15. Let r(k) = 10 + 52*k + 57*k - 108*k. Give r(z).
4
Let y(q) = -8 + q**3 - 8876*q + 1 - 10*q**2 + 0 + 8894*q - 1. Calculate y(8).
8
Let x(k) = 3*k**2 + 0 - 4*k + 5*k**3 + 1 - 4*k**3. Let q = 1463 - 1467. What is x(q